8 = 0. Let v(m) = -3*m**3 + 3*m**2 - l*m**2 + m**2 - 3*m**3. Determine v(1).
-7
Let w(y) = -3*y**2 - 4*y + 9. Suppose 0 = m + 4*m - 50. Let q be m/(-3) - 4/6. Let b(r) = -5*r**2 - 7*r + 17. Let a(g) = q*b(g) + 7*w(g). What is a(0)?
-5
Suppose 5*x + 3*g - 75 = 2*x, 5*x + g - 145 = 0. Let j be 4/2*x/(-12). Let q(r) = r + 6. Let s(o) = -1. Let a(i) = q(i) + 4*s(i). What is a(j)?
-3
Let d(u) = u**2 + 7*u + 6. Suppose 0 = -2*n - n - 6. Let h be (-1)/(n + (-7)/(-4)). Suppose -2*o - 30 = h*f, f = -3*o + 4*f. What is d(o)?
-4
Let r(t) = -t**3 + 7*t**2 + 8*t - 2. Let d be r(8). Let y(k) = -2*k**3 + 2*k**2 + 3*k + 1. Give y(d).
19
Let b(a) = a + 3. Let t be 14/6 + 2/3. What is b(t)?
6
Let d(s) = -5*s**3 + 5*s**2 - 2*s + 1. Let z(v) = 16*v**3 - 16*v**2 + 7*v - 4. Let m(x) = -7*d(x) - 2*z(x). Give m(2).
13
Let u(r) = -r**3 - 6*r**2 - 6*r + 3. Let n(a) = -a**2 + a. Let m be n(1). Suppose m*i + 3*i = 0. Suppose d = -5, i*k + 2*d = -4*k - 30. What is u(k)?
8
Let z(a) be the second derivative of -3*a**5/20 - a**3/3 + a**2/2 - a. Let y = -17 - -18. Calculate z(y).
-4
Let l(u) = -u - 2. Let o(c) = 5 - 2 - 2 - 2. Let t(i) = l(i) + 5*o(i). Calculate t(-3).
-4
Suppose 4 + 6 = 5*g. Suppose 0 = -2*z + 6, -g*k + 2*z = 3*k - 9. Let i(v) = v - k - 1 - 1. Give i(5).
0
Let h(d) = d**2 - 8*d + 7. Let w = -1 + 6. Suppose 2*n - 5*q + 15 = 0, -w*n + q + 2*q + 10 = 0. What is h(n)?
-8
Let j(k) = -7*k**2 - 13*k - 15. Let u(b) = -4*b**2 - 7*b - 8. Let m(c) = -3*j(c) + 5*u(c). Let t be (10/(-6))/(9/27). What is m(t)?
10
Let s(m) be the first derivative of -m**3/3 - 3*m**2 - m - 5. Let w(v) = 3*v**2 + 18*v + 3. Let g(b) = 17*s(b) + 6*w(b). Calculate g(-6).
1
Suppose -4*t + 3*j = 19, -2*t - 4*j = 3*t - 15. Let u(f) = 2*f**2 + f. Give u(t).
1
Let o(a) be the third derivative of 1/6*a**3 + 0 + 4*a**2 + 1/24*a**4 + 0*a. Calculate o(1).
2
Let y be 11 + -16 - (2/(-1) + 2). Let v(k) = k**2 + k + 3. What is v(y)?
23
Let y = -11 - -12. Let i(c) = -19*c**2 - 2*c + 1. What is i(y)?
-20
Let i(x) = 7*x**2 + 13*x. Let a be i(-2). Let d(j) = 5 - 4*j - 2 + 0. Determine d(a).
-5
Suppose -4*m + 5 = 29. Let z = -3 - m. Let o(t) = t**2 - 2 - z*t - 2*t**2 - 1. What is o(-3)?
-3
Let c = 1 - 0. Let i(a) = 3*a**3 - 1407*a - 1 + a**2 + 1407*a. Determine i(c).
3
Let n(z) = 102*z**3 - 101*z**3 + 3*z + 7*z**2 + 7 + 4*z. Let d(y) = -y**3 - 3*y**2 + 3*y + 3. Let r be d(-3). Give n(r).
1
Let s = 5 + -2. Let k(w) = -3*w**2 + 0*w**2 + s + 2 + 4*w**2. Determine k(0).
5
Let y(l) be the first derivative of -3*l**4/2 + l**3/3 + l**2/2 + 2. Suppose -2*j + 4*j - 4 = 0. Suppose j*m + 3 = -m. Give y(m).
6
Let y(t) = t**2 - 12*t - 14. Let k be y(13). Let h(x) = 2*x. Determine h(k).
-2
Let k(v) be the first derivative of -1/2*v**2 + 1 + 5*v. Calculate k(-4).
9
Let o(s) = s**3 - 5*s**2 + s + 1. Let c = 1 - -14. Suppose 3*u - 5 - 10 = -3*f, 3*u - 5*f - c = 0. What is o(u)?
6
Suppose 4*h - 22 = 3*r, -3*h - 3*r + 10 = h. Let u(l) = l**2 - l + 3. Give u(h).
15
Let s(p) = 5*p**2 + 7*p - 2. Let d(l) = l**2 + l - 1. Let i(r) = r**2 + 1. Let m be i(0). Let q(t) = m*s(t) - 4*d(t). What is q(-4)?
6
Let s(k) = -k**2 - 5 + 2*k**2 + 10*k - 18*k + 12*k. Determine s(-4).
-5
Let j(q) = -3*q + q**2 + q**3 + 0*q**3 + 7 - 3*q**2 - 4. Calculate j(3).
3
Let j(p) = 2*p**2 + p - 1. Suppose 3*q + 2*b = -2, -2*b - 4 = 3*q + q. What is j(q)?
5
Let d(s) = s**3 - 18*s**2 - 18*s - 17. Let i be d(19). Let j(b) be the first derivative of b**2 + 2*b - 1. Determine j(i).
6
Let z(j) be the first derivative of j**4/4 - 2*j**3/3 - 2*j**2 - 5*j - 14. Give z(4).
11
Let i be ((-30)/20)/((-2)/(-4)). Let u(f) be the second derivative of -f**4/6 - 2*f**3/3 + f**2/2 + 4*f. Calculate u(i).
-5
Let i(n) = 0 + 0*n + 0 - 4 + n. Let a = 2 + -5. Calculate i(a).
-7
Let t(s) = 13*s**2 - s - 28*s**2 + 2 + 14*s**2. Let l be t(2). Let z(x) = -x**3 - 2*x**2 + 5*x + 2. Calculate z(l).
14
Let q(a) = -a + 1. Let x(c) = 3 + 3 + 0 + c. Suppose -3*k + 5 = -b + 6, -2*k - 5 = -5*b. Let v(f) = b*x(f) - 2*q(f). What is v(-3)?
-5
Let j(w) = w**3 + 3*w**2 + 9*w + 5*w**2 + 2 + 6. Let h be j(-7). Let g(l) = -l - 8. Calculate g(h).
-2
Let j(x) be the third derivative of x**5/60 - 5*x**4/24 + x**3/6 - x**2. Let i = 15 + -13. What is j(i)?
-5
Suppose 3*q + 4*h = 4, -2*h = 5*q - 0*h - 2. Let o = q + 1. Let x(f) = -2*f**2 - f. Determine x(o).
-3
Suppose 4*g + 5*h - 2*h + 6 = 0, 6 = 3*h. Let c(m) = 4*m + 2*m**2 - 5*m + 4 + 6*m. What is c(g)?
7
Let z(i) = 8*i + 1. Let n(x) = -x**3 - x + 1. Let r(o) = o**3 + 4*o**2 + 2*o - 7. Let s(w) = 2*n(w) + r(w). Let j be s(4). Let a = j - -6. What is z(a)?
9
Let i(l) = l + 1. Let r be i(4). Suppose 0 = r*a - 2*q - 21, q - 4*q = -4*a + 14. Let u(d) = 6*d + 0*d - d**2 + 0*d**2. Calculate u(a).
5
Let d(g) = g**2 + 2 + 0 + 7*g - 3*g. Give d(-3).
-1
Suppose -2*s = 3*a - 0*s + 25, a = 5*s - 14. Let i(w) = w**2 + 10*w + 8. Determine i(a).
-1
Suppose -2*u - 4*j + 16 = 0, 4*u + j + 8 = 3*j. Suppose 5*f - 26 = 3*l + 9, u = 2*l - f + 14. Let a(q) = -q**3 - 5*q**2 + 5. Determine a(l).
5
Suppose 5*h - 4*i - i + 35 = 0, -5*i = 3*h - 19. Let g(w) = w - 4. Let x(a) = 2*a - 5. Let c(z) = 5*g(z) - 4*x(z). What is c(h)?
6
Suppose -2*z = 2*z - 16. Suppose -p = -5*u - 13, -z*p - u + 2*u = 5. Let c = -1 + p. Let w(t) = t**2 + t - 4. Determine w(c).
2
Suppose -7*i + 3*i + 8 = 0. Suppose 3 = -g - o, o - 4*o - 11 = i*g. Let t(p) = -2 - p**3 + p**2 + 6 - 2*p**g + 5*p. Calculate t(-3).
7
Let g = 32 + -35. Let w(a) = -a**2 - 2. Calculate w(g).
-11
Let t(l) be the first derivative of -l**2/2 - 5*l + 27. Calculate t(-8).
3
Let a(o) = o**3 + 3*o**2 - 4*o - 4. Let b(s) = -s**2 + 8*s - 4. Let k be b(8). What is a(k)?
-4
Suppose -4*s + 15 + 5 = 0. Let t = -9 + s. Let x(j) = -8. Let f(n) = n - 17. Let l(d) = -3*f(d) + 7*x(d). Determine l(t).
7
Let p(l) be the first derivative of -2*l - 7 + 1/2*l**2. What is p(5)?
3
Let t be 2*((-2)/(-1) + -1). Let l(j) = 25 + 4*j**2 + 30*j + 2*j**t - j**2. Let o(w) = -w**2 - 6*w - 5. Let v(s) = -2*l(s) - 11*o(s). Determine v(-6).
5
Let h(y) = 3*y**3 + 11*y**2 - 3*y - 1. Let p(v) = -4*v**3 - 12*v**2 + 2*v + 3. Let r(j) = -5*h(j) - 4*p(j). Determine r(6).
-1
Let m(h) = 0*h + 61 - 62 - 14*h**3 - h. Give m(-1).
14
Let l(d) = 10*d - 28*d**2 - d + 8 - d + 29*d**2. Let f(g) = g**3 + g**2 - g - 6. Let j be f(0). What is l(j)?
-4
Let t(x) = 3 - 2 + x + 0 + 2. Give t(-3).
0
Let d(o) = -17*o + 3*o**3 + 5*o**2 + 20*o - 4 - 2*o**3. What is d(-5)?
-19
Let p(q) be the first derivative of -9*q - 4*q**2 - 1/3*q**3 - 4. Give p(-6).
3
Let a(b) = -4*b - 4. Let v(s) = 5*s + 5. Let p(h) = 7*a(h) + 6*v(h). Give p(-4).
-6
Let m be (-44)/16 + 6/8. Let t(g) = g - 5. Let v be t(6). Let f be 3 + m*v + 3. Let s(r) = -r**3 + 4*r**2 - r + 3. Calculate s(f).
-1
Let z(m) = 5*m**2 - 3 + 0 - 4 + 3 + 5*m + m**3. Let h(f) = 3 - 3 - 5*f**2 - 1 + 2*f. Let n be h(1). Determine z(n).
-8
Let f(g) be the second derivative of -5*g**3/6 - g - 8. What is f(-5)?
25
Let c(u) = 16*u**2 + 21*u - 14. Let z(q) = -3*q**2 - 4*q + 3. Let o(f) = -2*c(f) - 11*z(f). What is o(-5)?
10
Let m(w) = 6 + 16*w + 0 - 7*w**2 - 11*w + w**3. What is m(6)?
0
Let d(p) be the first derivative of -p**4/4 - p**3/3 - 3*p - 24. Suppose -5*n - 3*s - 6 = 0, 3*s = -3*n + 2*n - 6. Calculate d(n).
-3
Suppose 0 = 3*q - 15, 2*v + 4*q - 23 = v. Let a(k) = -k + 2. Determine a(v).
-1
Let b(k) be the first derivative of -k**6/120 + k**5/60 - k**3 + 7. Let l(r) be the third derivative of b(r). Give l(2).
-8
Let d(g) be the first derivative of -g**3/3 - 7*g**2/2 - 4*g + 32. Give d(-7).
-4
Let t(a) = a**3 - 3*a**2 - 3*a + 4. Let n be t(4). Let k be 2/n*10*-2. Let s(d) = -2 - d + 1 + 0 + 0. What is s(k)?
4
Let x be (-15)/(-10)*4/6. Let j(n) = -2 - n + 2*n + 6 + x. Calculate j(-4).
1
Let x(j) = 1 + 0*j - j + j**2 - 4*j. Suppose 15 = 4*a + a. Determine x(a).
-5
Let i be ((-48)/(-40))/((-3)/(-10)). Let m(p) = -4 + 3 - 5 + 3*p. Give m(i).
6
Let n be 11/(-2) - 3/6. Let p(k) = -19 - 15 + k + 48 - 15. Calculate p(n).
-7
Let m(t) be the first derivative of t**3/3 - t**2/2 - 6*t - 2. Give m(0).
-6
Suppose 0 = -4*q - l, -4*q - 2*l = -0*q. Let v(k) be the first derivative of k**2 - 1/3*k**3 + q*k - 2. Give v(1).
1
Let r(t) = -7*t**3 + t**2. Let s be ((-1)/1)/(2/2). Let o be (-1)/(0 - (0 - s)). Give r(o).
-6
Let z = 9 - 15. Let o(u) = u**3 + 6*u**2 + 4. Det